2774.
2, 3, 191, 263519
What are the prime factors of 153749881?
19, 457, 17707
What are the prime factors of 126627492?
2, 3, 17, 251, 2473
List the prime factors of 62727392.
2, 7, 13, 1657
List the prime factors of 4938994047.
3, 13, 983, 128831
List the prime factors of 126104777.
79, 127, 12569
List the prime factors of 5990745020.
2, 5, 13, 47, 490241
What are the prime factors of 1018002329?
1018002329
List the prime factors of 1250010251.
7, 89, 2006437
What are the prime factors of 1111796711?
7583, 146617
List the prime factors of 27316507.
113, 241739
List the prime factors of 617014121.
29, 331, 64279
What are the prime factors of 1382559091?
43, 107, 300491
List the prime factors of 139724752.
2, 8732797
List the prime factors of 378948348.
2, 3, 61, 97, 593
What are the prime factors of 143634612?
2, 3, 11, 179, 6079
List the prime factors of 325917817.
1721, 189377
List the prime factors of 320658747.
3, 2389, 44741
What are the prime factors of 2442540259?
313, 7803643
List the prime factors of 6662883.
3, 2220961
List the prime factors of 4724386975.
5, 7, 11, 83, 29569
List the prime factors of 1533015870.
2, 3, 5, 51100529
List the prime factors of 257681452.
2, 7, 409, 22501
List the prime factors of 53388298.
2, 61, 239, 1831
List the prime factors of 2947490588.
2, 7, 105267521
What are the prime factors of 96492333?
3, 7, 263, 17471
What are the prime factors of 5638043?
5638043
What are the prime factors of 1243008038?
2, 2131, 291649
What are the prime factors of 180524258?
2, 17, 37, 143501
What are the prime factors of 903511445?
5, 163, 1108603
What are the prime factors of 61975601?
61975601
What are the prime factors of 901364717?
11, 191, 429017
List the prime factors of 216054786.
2, 3, 109, 330359
List the prime factors of 692185720.
2, 5, 17304643
What are the prime factors of 715394911?
7, 11, 9290843
List the prime factors of 402394672.
2, 1993, 12619
What are the prime factors of 37547343?
3, 673, 6199
List the prime factors of 563240653.
1753, 321301
What are the prime factors of 25178950?
2, 5, 433, 1163
List the prime factors of 45082189.
43, 1048423
List the prime factors of 769397344.
2, 24043667
List the prime factors of 14454022.
2, 11, 19, 151, 229
What are the prime factors of 72770207?
72770207
List the prime factors of 111701860.
2, 5, 601, 9293
What are the prime factors of 231395971?
231395971
List the prime factors of 307703512.
2, 109, 167, 2113
What are the prime factors of 143891843?
8293, 17351
What are the prime factors of 26270914?
2, 41, 320377
What are the prime factors of 164106603?
3, 53, 344039
What are the prime factors of 70443854?
2, 13, 953, 2843
What are the prime factors of 316437118?
2, 158218559
What are the prime factors of 836184057?
3, 29, 191, 50321
What are the prime factors of 18035558?
2, 487, 18517
List the prime factors of 193816351.
43, 127, 35491
List the prime factors of 1465164.
2, 3, 40699
What are the prime factors of 97340162?
2, 859, 56659
What are the prime factors of 1011916612?
2, 7, 36139879
List the prime factors of 7593133.
7593133
What are the prime factors of 64444060?
2, 5, 61, 101, 523
List the prime factors of 184276805.
5, 23, 1602407
What are the prime factors of 19723075?
5, 23, 34301
List the prime factors of 158533560.
2, 3, 5, 440371
List the prime factors of 57254679.
3, 89, 71479
What are the prime factors of 1434695866?
2, 631, 1136843
What are the prime factors of 120055163?
120055163
List the prime factors of 276376581.
3, 13, 2362193
List the prime factors of 437176506.
2, 3, 13, 5604827
What are the prime factors of 553727894?
2, 4231, 65437
What are the prime factors of 151391313?
3, 23, 731359
What are the prime factors of 19089740?
2, 5, 317, 3011
List the prime factors of 134999888.
2, 8437493
List the prime factors of 102790150.
2, 5, 919, 2237
What are the prime factors of 5715635?
5, 127, 9001
List the prime factors of 5183744178.
2, 3, 37, 23350199
What are the prime factors of 6098551058?
2, 3769, 809041
What are the prime factors of 326460801?
3, 29, 163, 23021
List the prime factors of 3476945.
5, 695389
List the prime factors of 4690189453.
4690189453
What are the prime factors of 3742721114?
2, 11, 107, 1589941
What are the prime factors of 20806365?
3, 5, 193, 7187
What are the prime factors of 363290452?
2, 7, 2389, 5431
What are the prime factors of 119235708?
2, 3, 41, 80783
What are the prime factors of 2044365530?
2, 5, 83, 197, 12503
List the prime factors of 1184184369.
3, 6151, 21391
List the prime factors of 155671469.
37, 4207337
List the prime factors of 1948209508.
2, 7, 31, 179, 12539
List the prime factors of 6231519723.
3, 11, 13, 120047
List the prime factors of 537438844.
2, 227, 591893
List the prime factors of 92520041.
1511, 61231
List the prime factors of 128474973.
3, 11, 1297727
What are the prime factors of 213099012?
2, 3, 7, 17, 5527
List the prime factors of 2394453.
3, 798151
List the prime factors of 661199148.
2, 3, 67, 467, 587
List the prime factors of 1047327632.
2, 13, 23, 218923
What are the prime factors of 477509430?
2, 3, 5, 17, 31, 30203
List the prime factors of 735241125.
3, 5, 1960643
What are the prime factors of 292542944?
2, 1439, 6353
List the prime factors of 109034556.
2, 3, 9086213
List the prime factors of 854145804.
2, 3, 71178817
What are the prime factors of 65442486?
2, 3, 17, 311, 2063
What are the prime factors of 15426423?
3, 19, 30071
List the prime factors of 29561481.
3, 281, 11689
List the prime factors of 153108525.
3, 5, 2041447
What are the prime factors of 1920855885?
3, 5, 13, 9850543
List the prime factors of 116251914.
2, 3, 113, 277, 619
What are the prime factors of 498418723?
11, 4119163
What are the prime factors of 27805482?
2, 3, 23, 47, 1429
List the prime factors of 2194984571.
13, 1993, 84719
What are the prime factors of 59823834?
2, 3, 7, 383, 3719
What are the prime factors of 1360816973?
1360816973
What are the prime factors of 273267210?
2, 3, 5, 359, 25373
What are the prime factors of 117342537?
3, 13, 19, 158357
List the prime factors of 82262658.
2, 3, 13710443
What are the prime factors of 1473464075?
5, 263, 224101
What are the prime factors of 3982844182?
2, 19, 271, 439, 881
List the prime factors of 42912703.
97, 442399
What are the prime factors of 2396363087?
19, 126124373
What are the prime factors of 90535778?
2, 17, 991, 2687
List the prime factors of 517880259.
3, 13, 23, 223, 863
List the prime factors of 394948997.
457, 864221
List the prime factors of 196103925.
3, 5, 17, 167, 307
What are the prime factors of 869681949?
3, 289893983
What are the prime factors of 1171912412?
2, 11, 26634373
What are the prime factors of 1155565598?
2, 11, 19, 241, 11471
List the prime factors of 1827425531.
53, 34479727
What are the prime factors of 2535877070?
2, 5, 113, 2244139
List the prime factors of 371115411.
3, 593, 208609
What are the prime factors of 32045958?
2, 3, 7, 419, 607
What are the prime factors of 3577198?
2, 163, 10973
List the prime factors of 100655666.
2, 50327833
List the prime factors of 399775387.
11, 36343217
List the prime factors of 1187261574.
2, 3, 67, 71, 41597
What are the prime factors of 97509901?
2069, 47129
List the prime factors of 353709647.
3469, 101963
List the prime factors of 1138940828.
2, 43, 6621749
What are the prime factors of 15777713?
7, 2253959
List the prime factors of 32161504.
2, 83, 12109
What are the prime factors of 1757503557?
3, 195278173
What are the prime factors of 35097701?
23, 1525987
List the prime factors of 81883211.
29, 2823559
What are the prime factors of 533989684?
2, 133497421
What are the prime factors of 3480329?
3480329
What are the prime factors of 72596017?
13, 19, 31, 499
List the prime factors of 507370974.
2, 3, 11, 7687439
List the prime factors of 468863318.
2, 7, 11, 3044567
List the prime factors of 22650872.
2, 2831359
What are the prime factors of 128071577?
41, 353, 8849
What are the prime factors of 737433169?
11, 6094489
List the prime factors of 38540175.
3, 5, 389, 1321
List the prime factors of 203083471.
13649, 14879
What are the prime factors of 2003237865?
3, 5, 61, 243259
List the prime factors of 1085210494.
2, 542605247
List the prime fa